{"id":3544,"date":"2025-02-11T15:30:04","date_gmt":"2025-02-11T14:30:04","guid":{"rendered":"https:\/\/www.all-in.lu\/alte-faq\/"},"modified":"2025-10-11T11:50:54","modified_gmt":"2025-10-11T10:50:54","slug":"alte-faq","status":"publish","type":"page","link":"https:\/\/www.all-in.lu\/de\/alte-faq\/","title":{"rendered":"Alte FAQ"},"content":{"rendered":"\t\t<div data-elementor-type=\"wp-page\" data-elementor-id=\"3544\" class=\"elementor elementor-3544 elementor-2199\" data-elementor-post-type=\"page\">\n\t\t\t\t\t\t<section class=\"elementor-section elementor-top-section elementor-element elementor-element-54426e1 elementor-section-boxed elementor-section-height-default elementor-section-height-default\" data-id=\"54426e1\" data-element_type=\"section\" data-e-type=\"section\">\n\t\t\t\t\t\t<div class=\"elementor-container elementor-column-gap-default\">\n\t\t\t\t\t<div class=\"elementor-column elementor-col-100 elementor-top-column elementor-element elementor-element-8766404\" data-id=\"8766404\" data-element_type=\"column\" data-e-type=\"column\">\n\t\t\t<div class=\"elementor-widget-wrap elementor-element-populated\">\n\t\t\t\t\t\t<div class=\"elementor-element elementor-element-f614db0 elementor-widget elementor-widget-spacer\" data-id=\"f614db0\" data-element_type=\"widget\" data-e-type=\"widget\" data-widget_type=\"spacer.default\">\n\t\t\t\t\t\t\t<div class=\"elementor-spacer\">\n\t\t\t<div class=\"elementor-spacer-inner\"><\/div>\n\t\t<\/div>\n\t\t\t\t\t\t<\/div>\n\t\t\t\t\t<\/div>\n\t\t<\/div>\n\t\t\t\t\t<\/div>\n\t\t<\/section>\n\t\t<div class=\"elementor-element elementor-element-e3e06f0 e-flex e-con-boxed e-con e-parent\" data-id=\"e3e06f0\" data-element_type=\"container\" data-e-type=\"container\">\n\t\t\t\t\t<div class=\"e-con-inner\">\n\t\t<div class=\"elementor-element elementor-element-fd09ab6 e-con-full e-flex e-con e-child\" data-id=\"fd09ab6\" data-element_type=\"container\" data-e-type=\"container\">\n\t\t<div class=\"elementor-element elementor-element-a4bf174 e-con-full e-flex e-con e-child\" data-id=\"a4bf174\" data-element_type=\"container\" data-e-type=\"container\">\n\t\t\t\t<div class=\"elementor-element elementor-element-45118c5 elementor-widget elementor-widget-heading\" data-id=\"45118c5\" data-element_type=\"widget\" data-e-type=\"widget\" data-widget_type=\"heading.default\">\n\t\t\t\t\t<h2 class=\"elementor-heading-title elementor-size-default\">Darf ich eigene Speisen und Getr\u00e4nke mitbringen?<\/h2>\t\t\t\t<\/div>\n\t\t\t\t<div class=\"elementor-element elementor-element-06af22c elementor-widget elementor-widget-text-editor\" data-id=\"06af22c\" data-element_type=\"widget\" data-e-type=\"widget\" data-widget_type=\"text-editor.default\">\n\t\t\t\t\t\t\t\t\t<p>Nein, leider erlauben wir keine mitgebrachten Speisen und Getr\u00e4nke. Du darfst jedoch Obst und Babynahrung mitbringen.<\/p>\t\t\t\t\t\t\t\t<\/div>\n\t\t\t\t<div class=\"elementor-element elementor-element-8db3e94 elementor-widget elementor-widget-heading\" data-id=\"8db3e94\" data-element_type=\"widget\" data-e-type=\"widget\" data-widget_type=\"heading.default\">\n\t\t\t\t\t<h2 class=\"elementor-heading-title elementor-size-default\">Kann ich einen Geburtstagskuchen bei euch kaufen?<\/h2>\t\t\t\t<\/div>\n\t\t\t\t<div class=\"elementor-element elementor-element-26b50cf elementor-widget elementor-widget-text-editor\" data-id=\"26b50cf\" data-element_type=\"widget\" data-e-type=\"widget\" data-widget_type=\"text-editor.default\">\n\t\t\t\t\t\t\t\t\t<p>Nein, leider ist kein Geburtstagskuchen in unseren Angeboten enthalten.<\/p>\t\t\t\t\t\t\t\t<\/div>\n\t\t\t\t<div class=\"elementor-element elementor-element-b8df7db elementor-widget elementor-widget-heading\" data-id=\"b8df7db\" data-element_type=\"widget\" data-e-type=\"widget\" data-widget_type=\"heading.default\">\n\t\t\t\t\t<h2 class=\"elementor-heading-title elementor-size-default\">Darf ich einen Geburtstagskuchen mitbringen?<\/h2>\t\t\t\t<\/div>\n\t\t\t\t<div class=\"elementor-element elementor-element-138b018 elementor-widget elementor-widget-text-editor\" data-id=\"138b018\" data-element_type=\"widget\" data-e-type=\"widget\" data-widget_type=\"text-editor.default\">\n\t\t\t\t\t\t\t\t\t<p>Klar, du darfst einen Geburtstagskuchen mitbringen. Wir k\u00f6nnen ihn auch f\u00fcr dich in den K\u00fchlschrank stellen.<\/p>\t\t\t\t\t\t\t\t<\/div>\n\t\t\t\t<div class=\"elementor-element elementor-element-6672bf7 elementor-widget elementor-widget-heading\" data-id=\"6672bf7\" data-element_type=\"widget\" data-e-type=\"widget\" data-widget_type=\"heading.default\">\n\t\t\t\t\t<h2 class=\"elementor-heading-title elementor-size-default\">Bis zu welchem Alter ist der Indoor-Spielplatz zug\u00e4nglich?<\/h2>\t\t\t\t<\/div>\n\t\t\t\t<div class=\"elementor-element elementor-element-f27f077 elementor-widget elementor-widget-text-editor\" data-id=\"f27f077\" data-element_type=\"widget\" data-e-type=\"widget\" data-widget_type=\"text-editor.default\">\n\t\t\t\t\t\t\t\t\t<p>Da unser Indoor-Spielplatz f\u00fcr die Kleinen konzipiert ist und um ihre Sicherheit zu gew\u00e4hrleisten, liegt das H\u00f6chstalter f\u00fcr den Eintritt bei 16 Jahren.<\/p>\t\t\t\t\t\t\t\t<\/div>\n\t\t\t\t<\/div>\n\t\t\t\t<\/div>\n\t\t<div class=\"elementor-element elementor-element-91f8b5b e-con-full e-flex e-con e-child\" data-id=\"91f8b5b\" data-element_type=\"container\" data-e-type=\"container\">\n\t\t\t\t<div class=\"elementor-element elementor-element-eb3ed81 elementor-widget elementor-widget-image\" data-id=\"eb3ed81\" data-element_type=\"widget\" data-e-type=\"widget\" data-widget_type=\"image.default\">\n\t\t\t\t\t\t\t\t\t\t\t\t\t\t\t<img fetchpriority=\"high\" decoding=\"async\" width=\"1208\" height=\"660\" src=\"https:\/\/www.all-in.lu\/wp-content\/uploads\/2025\/02\/FAQ.png\" class=\"attachment-1536x1536 size-1536x1536 wp-image-2341\" alt=\"\" srcset=\"https:\/\/www.all-in.lu\/wp-content\/uploads\/2025\/02\/FAQ.png 1208w, https:\/\/www.all-in.lu\/wp-content\/uploads\/2025\/02\/FAQ-300x164.png 300w, https:\/\/www.all-in.lu\/wp-content\/uploads\/2025\/02\/FAQ-1024x559.png 1024w, https:\/\/www.all-in.lu\/wp-content\/uploads\/2025\/02\/FAQ-768x420.png 768w, https:\/\/www.all-in.lu\/wp-content\/uploads\/2025\/02\/FAQ-200x109.png 200w\" sizes=\"(max-width: 1208px) 100vw, 1208px\" \/>\t\t\t\t\t\t\t\t\t\t\t\t\t\t\t<\/div>\n\t\t\t\t<\/div>\n\t\t\t\t\t<\/div>\n\t\t\t\t<\/div>\n\t\t<div class=\"elementor-element elementor-element-68e1f6d e-flex e-con-boxed e-con e-parent\" data-id=\"68e1f6d\" data-element_type=\"container\" data-e-type=\"container\">\n\t\t\t\t\t<div class=\"e-con-inner\">\n\t\t\t\t\t<\/div>\n\t\t\t\t<\/div>\n\t\t\t\t<\/div>\n\t\t","protected":false},"excerpt":{"rendered":"<p>Darf ich eigene Speisen und Getr\u00e4nke mitbringen? Nein, leider erlauben wir keine mitgebrachten Speisen und Getr\u00e4nke. Du darfst jedoch Obst und Babynahrung mitbringen. Kann ich einen Geburtstagskuchen bei euch kaufen? Nein, leider ist kein Geburtstagskuchen in unseren Angeboten enthalten. Darf ich einen Geburtstagskuchen mitbringen? Klar, du darfst einen Geburtstagskuchen mitbringen. Wir k\u00f6nnen ihn auch f\u00fcr [&hellip;]<\/p>\n","protected":false},"author":2,"featured_media":0,"parent":0,"menu_order":0,"comment_status":"closed","ping_status":"closed","template":"","meta":{"footnotes":""},"class_list":["post-3544","page","type-page","status-publish","hentry"],"_links":{"self":[{"href":"https:\/\/www.all-in.lu\/de\/wp-json\/wp\/v2\/pages\/3544","targetHints":{"allow":["GET"]}}],"collection":[{"href":"https:\/\/www.all-in.lu\/de\/wp-json\/wp\/v2\/pages"}],"about":[{"href":"https:\/\/www.all-in.lu\/de\/wp-json\/wp\/v2\/types\/page"}],"author":[{"embeddable":true,"href":"https:\/\/www.all-in.lu\/de\/wp-json\/wp\/v2\/users\/2"}],"replies":[{"embeddable":true,"href":"https:\/\/www.all-in.lu\/de\/wp-json\/wp\/v2\/comments?post=3544"}],"version-history":[{"count":1,"href":"https:\/\/www.all-in.lu\/de\/wp-json\/wp\/v2\/pages\/3544\/revisions"}],"predecessor-version":[{"id":3545,"href":"https:\/\/www.all-in.lu\/de\/wp-json\/wp\/v2\/pages\/3544\/revisions\/3545"}],"wp:attachment":[{"href":"https:\/\/www.all-in.lu\/de\/wp-json\/wp\/v2\/media?parent=3544"}],"curies":[{"name":"wp","href":"https:\/\/api.w.org\/{rel}","templated":true}]}}

<div data-elementor-type="wp-page" data-elementor-id="3544" class="elementor elementor-3544 elementor-2199" data-elementor-post-type="page">
						<section class="elementor-section elementor-top-section elementor-element elementor-element-54426e1 elementor-section-boxed elementor-section-height-default elementor-section-height-default" data-id="54426e1" data-element_type="section" data-e-type="section">
						<div class="elementor-container elementor-column-gap-default">
					<div class="elementor-column elementor-col-100 elementor-top-column elementor-element elementor-element-8766404" data-id="8766404" data-element_type="column" data-e-type="column">
			<div class="elementor-widget-wrap elementor-element-populated">
						<div class="elementor-element elementor-element-f614db0 elementor-widget elementor-widget-spacer" data-id="f614db0" data-element_type="widget" data-e-type="widget" data-widget_type="spacer.default">
							<div class="elementor-spacer">
			<div class="elementor-spacer-inner"></div>
		</div>
						</div>
					</div>
		</div>
					</div>
		</section>
		<div class="elementor-element elementor-element-e3e06f0 e-flex e-con-boxed e-con e-parent" data-id="e3e06f0" data-element_type="container" data-e-type="container">
					<div class="e-con-inner">
		<div class="elementor-element elementor-element-fd09ab6 e-con-full e-flex e-con e-child" data-id="fd09ab6" data-element_type="container" data-e-type="container">
		<div class="elementor-element elementor-element-a4bf174 e-con-full e-flex e-con e-child" data-id="a4bf174" data-element_type="container" data-e-type="container">
				<div class="elementor-element elementor-element-45118c5 elementor-widget elementor-widget-heading" data-id="45118c5" data-element_type="widget" data-e-type="widget" data-widget_type="heading.default">
					<h2 class="elementor-heading-title elementor-size-default">Darf ich eigene Speisen und Getränke mitbringen?</h2>				</div>
				<div class="elementor-element elementor-element-06af22c elementor-widget elementor-widget-text-editor" data-id="06af22c" data-element_type="widget" data-e-type="widget" data-widget_type="text-editor.default">
									<p>Nein, leider erlauben wir keine mitgebrachten Speisen und Getränke. Du darfst jedoch Obst und Babynahrung mitbringen.</p>								</div>
				<div class="elementor-element elementor-element-8db3e94 elementor-widget elementor-widget-heading" data-id="8db3e94" data-element_type="widget" data-e-type="widget" data-widget_type="heading.default">
					<h2 class="elementor-heading-title elementor-size-default">Kann ich einen Geburtstagskuchen bei euch kaufen?</h2>				</div>
				<div class="elementor-element elementor-element-26b50cf elementor-widget elementor-widget-text-editor" data-id="26b50cf" data-element_type="widget" data-e-type="widget" data-widget_type="text-editor.default">
									<p>Nein, leider ist kein Geburtstagskuchen in unseren Angeboten enthalten.</p>								</div>
				<div class="elementor-element elementor-element-b8df7db elementor-widget elementor-widget-heading" data-id="b8df7db" data-element_type="widget" data-e-type="widget" data-widget_type="heading.default">
					<h2 class="elementor-heading-title elementor-size-default">Darf ich einen Geburtstagskuchen mitbringen?</h2>				</div>
				<div class="elementor-element elementor-element-138b018 elementor-widget elementor-widget-text-editor" data-id="138b018" data-element_type="widget" data-e-type="widget" data-widget_type="text-editor.default">
									<p>Klar, du darfst einen Geburtstagskuchen mitbringen. Wir können ihn auch für dich in den Kühlschrank stellen.</p>								</div>
				<div class="elementor-element elementor-element-6672bf7 elementor-widget elementor-widget-heading" data-id="6672bf7" data-element_type="widget" data-e-type="widget" data-widget_type="heading.default">
					<h2 class="elementor-heading-title elementor-size-default">Bis zu welchem Alter ist der Indoor-Spielplatz zugänglich?</h2>				</div>
				<div class="elementor-element elementor-element-f27f077 elementor-widget elementor-widget-text-editor" data-id="f27f077" data-element_type="widget" data-e-type="widget" data-widget_type="text-editor.default">
									<p>Da unser Indoor-Spielplatz für die Kleinen konzipiert ist und um ihre Sicherheit zu gewährleisten, liegt das Höchstalter für den Eintritt bei 16 Jahren.</p>								</div>
				</div>
				</div>
		<div class="elementor-element elementor-element-91f8b5b e-con-full e-flex e-con e-child" data-id="91f8b5b" data-element_type="container" data-e-type="container">
				<div class="elementor-element elementor-element-eb3ed81 elementor-widget elementor-widget-image" data-id="eb3ed81" data-element_type="widget" data-e-type="widget" data-widget_type="image.default">
															<img fetchpriority="high" decoding="async" width="1208" height="660" src="https://www.all-in.lu/wp-content/uploads/2025/02/FAQ.png" class="attachment-1536x1536 size-1536x1536 wp-image-2341" alt="" srcset="https://www.all-in.lu/wp-content/uploads/2025/02/FAQ.png 1208w, https://www.all-in.lu/wp-content/uploads/2025/02/FAQ-300x164.png 300w, https://www.all-in.lu/wp-content/uploads/2025/02/FAQ-1024x559.png 1024w, https://www.all-in.lu/wp-content/uploads/2025/02/FAQ-768x420.png 768w, https://www.all-in.lu/wp-content/uploads/2025/02/FAQ-200x109.png 200w" sizes="(max-width: 1208px) 100vw, 1208px" />															</div>
				</div>
					</div>
				</div>
		<div class="elementor-element elementor-element-68e1f6d e-flex e-con-boxed e-con e-parent" data-id="68e1f6d" data-element_type="container" data-e-type="container">
					<div class="e-con-inner">
					</div>
				</div>
				</div>

<p>Darf ich eigene Speisen und Getränke mitbringen? Nein, leider erlauben wir keine mitgebrachten Speisen und Getränke. Du darfst jedoch Obst und Babynahrung mitbringen. Kann ich einen Geburtstagskuchen bei euch kaufen? Nein, leider ist kein Geburtstagskuchen in unseren Angeboten enthalten. Darf ich einen Geburtstagskuchen mitbringen? Klar, du darfst einen Geburtstagskuchen mitbringen. Wir können ihn auch für [&hellip;]</p>
